
1
Suppose 4*n - 3 = 17. Suppose 0*f = -n*f + 25. Let o(c) = -8*c**3 + 12*c**2 - c + 5. Let j(r) = 7*r**3 - 11*r**2 + r - 4. Let l(s) = 7*j(s) + 6*o(s). Give l(f).
7
Let h(p) be the second derivative of 1/6*p**3 - 1/12*p**4 + 0 + p**2 + 6*p. Calculate h(3).
-4
Let o(k) be the first derivative of k**6/360 - k**5/40 + k**4/8 - k**3 + 1. Let d(y) be the third derivative of o(y). Calculate d(3).
3
Let l(p) = 5*p**2 - 1. Suppose -21 = -3*j + 2*j + 5*t, -4*j + 4*t + 20 = 0. Give l(j).
4
Let s be (-4)/6*(4 + 2). Let n(l) = -l**2 - 6*l - 3. Give n(s).
5
Let m = 13 + -10. Let r(q) = 3*q - 3. Let n(o) = -3*o + 3. Let p(y) = m*r(y) + 4*n(y). Let t = 7 - 5. Determine p(t).
-3
Let i(c) = c**2 - c. Suppose 5*j = 2 + 8. Suppose -2*z + 0 = -j. Give i(z).
0
Let j(a) be the second derivative of -a**3/6 - 7*a**2/2 - 3*a + 3. Suppose 8 = 2*c - 0*c, c = 5*t + 49. Let n be 51/t - (-1)/(-3). Calculate j(n).
-1
Let l = -2 - -2. Let c(g) = -2*g + 11*g**2 - 4 - 12*g**2 + 3*g. Determine c(l).
-4
Let s = 124 + -124. Let d(x) = x**3 - x**2 + 5. Give d(s).
5
Let d(x) = 6*x + 37*x**2 - 6 + 17 - 38*x**2. Calculate d(9).
-16
Let q(m) = m. Let c(d) = 4*d + 4. Let z(w) = c(w) - 2*q(w). What is z(-3)?
-2
Suppose f - 4*h - 8 = -h, 4*h + 14 = 2*f. Suppose -3*w + f*t + 24 = 2*t, -4 = 2*w + 3*t. Let x(o) = -3*o + 0*o + 4*o - w + o. Give x(3).
2
Let z(y) = -y**3 + 5*y**2 + 8*y - 9. Suppose k + 6 = 12. What is z(k)?
3
Let z = -3 - -4. Let a(k) = -4*k**2 - 4*k**2 + 15*k**2 - 1 + k**2 + 2*k. What is a(z)?
9
Let z(r) = -3*r. Let v(j) = 4*j - 2*j - 3*j - 9 + 3. Let y be v(-8). Calculate z(y).
-6
Suppose 6*s = 2*s + 8. Suppose 0 = 3*k + k - 8. Let q(l) = k*l + 2*l - l. What is q(s)?
6
Let t(d) = d**2 - 5*d + 2. Let s be t(10). Let u be (-60)/(-52) + (-8)/s. Let a(k) = 6*k**3 + k**2 - 2*k + 1. Give a(u).
6
Let s(n) = n + 4. Let k(v) = -4*v + 4. Let r(l) = l. Let m = 3 - 5. Let j(t) = m*k(t) - 10*r(t). Let a(f) = 2*j(f) + 5*s(f). Calculate a(-3).
1
Let g(d) = 2*d - 1 + 3*d**2 + d**2 - 3*d**2. Let k = -14 + 15. Calculate g(k).
2
Let o(u) = -6*u**2 + 11*u + 4. Let h(l) = 5*l**2 - 10*l - 3. Let b(k) = 5*h(k) + 4*o(k). Determine b(5).
-4
Let t = -3 - -7. Let z(p) = p**2 - 2*p - 2. Let d be z(t). Let g(m) = m**2 - 3*m - 4. Calculate g(d).
14
Let x(s) = s**3 + 6*s**2 + 4*s + 3. Suppose -18 = 2*t + 2*i, -6*t - 13 = -t - 3*i. Determine x(t).
8
Let k(v) = -4*v + 14. Let f be k(4). Let p(d) = 2*d**3 + 2*d + 1. Determine p(f).
-19
Let b(p) be the third derivative of p**4/24 - p**3/3 - p**2. Calculate b(3).
1
Let b = 7 + -8. Let r(c) = -c + 1. Let f(g) = 1. Let z(o) = -7*f(o) + 6*r(o). Determine z(b).
5
Let z(v) = 3*v - 10. Let k be -2 + 4 + 10 + -3 - 2. Give z(k).
11
Let p(d) = -3*d**3 - 7*d**2 + 12*d - 1. Let m(t) = -2*t**3 - 3*t**2 + 6*t - 1. Let o(x) = -5*m(x) + 3*p(x). Let g(r) = 2*r - 5. Let h be g(5). Give o(h).
7
Let k = 0 - -5. Let l(f) = 5*f**2 - 3 - f**3 - 3*f**3 + 6 - f**3 - f + 4*f**3. Give l(k).
-2
Let t(z) = -11*z + 1. Let k be (-2)/(-4)*(0 + 10/(-5)). What is t(k)?
12
Let b(g) be the first derivative of -g**4/4 + g**3 + 2*g**2 + 4*g + 1. Give b(4).
4
Suppose 0 = 2*o - o - 3. Let n = o + -4. Let w(t) = -3*t + 4 + 0 - 3. Determine w(n).
4
Let b(r) = -216*r + 12 - 4 + 215*r. Determine b(0).
8
Let h(g) = g - 9. Let n be h(9). Suppose n*q - 4*q = -12. Let f(k) = k**3 - 3*k**2 - 2*k + 2. What is f(q)?
-4
Let i(n) = -5*n + 5*n + n + n**2 + 8. Let c = -5 - -9. Let s be 1/c + 1/(-4). What is i(s)?
8
Let o(a) = 2*a + 1. Suppose 0*b - b + 3 = 0. Let p = 2 - 4. Let k be (p - 8/(-3))*b. Calculate o(k).
5
Let k(w) be the first derivative of w**7/840 + w**6/360 - w**5/120 + w**4/4 + 4*w**3/3 - 1. Let f(g) be the third derivative of k(g). Calculate f(0).
6
Let w(m) = -2*m**2 + 1 + 3*m**2 - 3 - 7 - 6*m. Calculate w(7).
-2
Let c(g) = 3*g. Suppose -13 = 4*i - 1. Determine c(i).
-9
Let s be 6/(-14) - 24/(-7). Let u = s + -2. Let y be -1*u*(-10 - -10). Let r(v) = v**3 - 3. Calculate r(y).
-3
Let c(g) = g**3 - 3*g**2 - g - 2. Let m(p) = p**3 - 4*p**2 - p - 3. Let k(b) = -3*c(b) + 2*m(b). Let l(a) = a**2 - 10*a + 14. Let q be l(8). Calculate k(q).
10
Let o(l) = l + 1. Let f(m) = m**2 - 11*m - 1. Let z be 1*(36/3 + -1). Let t be f(z). Determine o(t).
0
Let u(w) = 7*w - 1. Let z(a) = -a**3 + 3*a**2 + 6*a - 5. Let h be z(4). Suppose -h*q + 6 = -3. Suppose 4 = -q*r - r. What is u(r)?
-8
Suppose -2*r = -6*r - 2*d + 32, -4*r + 4*d + 32 = 0. Let g(s) = -s**3 + 9*s**2 - 9*s + 12. Determine g(r).
4
Let h(z) = z - 1. Let p = 23 + -3. Suppose 6*y = 3*y + 5*t + 31, 2*y - 3*t = p. What is h(y)?
6
Let b(p) = 0*p + 2 + p - 1. What is b(-5)?
-4
Let i(w) = -6*w - 4*w + w - 1 + 8*w. Give i(-1).
0
Let k(n) = -n - 3*n**2 + 2*n**2 + 2 + 2*n. What is k(3)?
-4
Let p(x) = 5*x**3 + 3*x**2 - 3*x. Let g(v) be the first derivative of 6*v**4 + 14*v**3/3 - 7*v**2 - 6. Let s(t) = 3*g(t) - 14*p(t). Determine s(-1).
-2
Let m(d) = d**3 - 5*d**2 + 4*d + 2. Let y(i) = i**3 + 4*i**2 - 2*i - 2. Let j be y(-3). Suppose 0 = -4*n + j + 3. Give m(n).
2
Let m(v) be the third derivative of -v**5/60 + v**4/8 + 2*v**3/3 + 5*v**2. What is m(4)?
0
Let w = 42 - 48. Let z(d) = -3*d - 4. Calculate z(w).
14
Let d(q) be the third derivative of -q**8/20160 + q**7/630 - q**6/180 + q**5/60 - 3*q**2. Let z(g) be the third derivative of d(g). Give z(4).
12
Let q(g) be the third derivative of -g**5/30 + g**4/12 - g**3/6 - 7*g**2. Determine q(1).
-1
Let m(u) be the third derivative of u**6/30 + u**5/60 - u**4/24 + u**3/6 + 16*u**2. Let b(r) = r + 7. Let c be b(-6). What is m(c)?
5
Suppose -2*a - t = -0*t - 7, -3*a - 2*t = -9. Let u(n) = 2*n - 1. Determine u(a).
9
Let d(a) be the third derivative of a**2 + 1/60*a**5 + 0*a**3 + 0 - 1/24*a**4 + 1/120*a**6 + 0*a. What is d(0)?
0
Let u(w) = -5*w + 2. Let t be 1 - (1 - (-6)/3). Let d(n) = -4*n + 2. Let k(g) = t*u(g) + 3*d(g). Give k(3).
-4
Let i(u) = -5*u**2 - u + 3*u - 18 + 11 - u**3 + 3*u. What is i(-6)?
-1
Let s(c) = 105*c**2 + c - 206*c**2 + 6 + 100*c**2. Let b(o) = o - 3. Let t be b(3). Give s(t).
6
Let z(n) = n**2 - 9*n - 4. Let m be z(9). Let g(o) = o**2 + 2*o - 3. Let d be g(m). Let j(q) = 1 + 0*q + 0*q - q. What is j(d)?
-4
Suppose -r + l = 5, 0 = -r - l - 4 + 1. Let o(g) = g**3 + 3*g**2 - 4*g + 2. Let f be o(r). Let m(z) = -z**3 + z**2 + 2*z + 1. Give m(f).
1
Let a(l) be the third derivative of -l**7/5040 - l**6/720 + l**5/20 + 6*l**2. Let n(w) be the third derivative of a(w). Give n(-2).
1
Let x(n) = 2*n - n**2 - 2*n**2 + 4 + 6*n**2. Let p be x(-3). Suppose -p = -0*v + 5*v. Let s(h) = -h**2 - 4*h + 4. Give s(v).
-1
Let x = -61 - -54. Let i(b) = b**2 + 5*b - 8. Give i(x).
6
Let g(s) = -s**2 - s + 4. Let l be g(0). Let n(q) = q**3 - 3*q**2 - 3*q + 1. Determine n(l).
5
Let z(b) = b**3 + 3*b**2 - 5*b + 1. Suppose 0 = 3*o - 0*o. Suppose 3 = -h, o*s = s + h. Let a be 3/s - -1 - 6. Give z(a).
5
Let t(o) = 5 - 1 - o - 2. Let z be t(2). Let q(w) = w + 8. Let j(n) = -1. Let x(f) = 2*j(f) + q(f). Determine x(z).
6
Let a(x) = -2*x**2 - 6*x - 4. Let d = -2 - 2. What is a(d)?
-12
Let c(j) be the second derivative of j**3/6 + j**2 + 7*j. What is c(-5)?
-3
Let m = 30 - 23. Let c(y) = -y + 4. Determine c(m).
-3
Let s = 2 + -4. Let l(k) = k**2 + 2*k + 3. Let r be l(-2). Let m(f) = 2 + 1 + f + 2*f - f**r + 0. Give m(s).
5
Suppose 0 = -h - 0*h + 4. Let k = h + -6. Let y(t) = t**3 + 5*t**2 + 3*t - 2. Let u(o) = 2*o**3 + 11*o**2 + 7*o - 5. Let n(s) = -2*u(s) + 5*y(s). Give n(k).
2
Let f(c) = -2*c - 1. Suppose 14*q - 4 = 16*q. Calculate f(q).
3
Let o(q) = 6*q - 3. Suppose -3*z - 4 = -5*z. Calculate o(z).
9
Let l(x) = -x**2 - 8*x - 5. Let p(i) = 3*i - 8. Let u be p(4). Suppose 0 = -u*t + 4*s - 20, 0 = -2*t - 5*s + 3 - 13. Determine l(t).
10
Let b(j) be the third derivative of j**5/15 + 7*j**4/24 - 7*j**3/6 + 6*j**2. Let s(h) = h**2 - 1. Let c(d) = b(d) - 5*s(d). Give c(6).
4
Let b(o) = o**3 - 4*o**2 - o - 2. Let m(c) = c**3 - 6*c**2 - 7*c - 2. Let v be m(7). Let x = v - -6. Determine b(x).
-6
Let z(f) = f**2 - 6*f + 5. Let b(j) = -j - 3*j**2 + 4*j**2 + 1 + 9*j**3 + 0*j**2. Let h be b(1). Let o = -4 + h. Determine z(o).
5
Let s(x) be the second derivative of x**4/12 - 5*x**3/6 - 3*x**2 - 2*x. Suppose -2*w - 15 = -5. Let t = 0 - w. Calculate s(t).
-6
Let m(i) be the second derivative of -i**8/6720 - i**5/8 + i**4/4 + 2*i. Let v(q) be 